y and 16.
16
Let z be (17 - 8)/9*7. What is the greatest common factor of z and 427?
7
Suppose -34*c + 31*c + 276 = 0. Calculate the greatest common divisor of c and 12.
4
Let t = 685 - 594. What is the greatest common divisor of t and 455?
91
Suppose -27*c + 1042 = 367. Calculate the highest common divisor of 50 and c.
25
Suppose 3*j + 7 = -2. Let d be ((-13)/(-13))/(j/(-195)). Calculate the greatest common factor of d and 26.
13
Suppose 3*o = o + 8. Suppose x + o*a = -0*x + 64, -3*a + 235 = 5*x. What is the highest common factor of x and 4?
4
Let g = 79 - 24. Let h = 62 + -33. Let q = -18 + h. What is the highest common factor of g and q?
11
Let t = -356 + 482. What is the greatest common divisor of 72 and t?
18
Let d(k) = 35*k**2 + 2*k + 1. Let m be d(-1). Let z = m + -12. Suppose 0 = j - 4*u - 10, -3*j = j - u - 85. Calculate the highest common divisor of j and z.
22
Let u(p) = -p**2 - 9*p - 6. Let a(h) = h - 20. Let l be a(15). Let j be u(l). What is the greatest common factor of 70 and j?
14
Let o = -24 + 68. Suppose -2*s + 5 = -4*d + 3, 3 = -s + d. Let t = s + 11. What is the greatest common factor of o and t?
4
Let m = 261 - 181. Let t be (-2)/3*(9 - 3)*-4. What is the highest common factor of m and t?
16
Suppose -2*s + 3*j = -0*s - 288, 4*j = 2*s - 288. Calculate the greatest common factor of s and 336.
48
Suppose -4*b = -45 - 7. Let z(j) = -40*j - 1. Let o be 4/18 - (-11)/(-9). Let x be z(o). Calculate the highest common divisor of b and x.
13
Let y = 343 - 88. Let p = y - -59. Suppose -74 = 4*b - p. What is the greatest common divisor of b and 12?
12
Suppose 40 = 2*i + 4*r, -22 = -2*i - 4*r + 6*r. Calculate the greatest common divisor of 24 and i.
2
Let l = 61 - 41. Suppose -3*c = -4*a - 18, l = 4*c - a - 3*a. Calculate the highest common divisor of c and 5.
1
Let y(c) = c**3 + 18*c**2 + c + 20. Let h be y(-18). Calculate the highest common factor of h and 31.
1
Let f = 86 - 80. Let s be ((f - -3) + -1)*135/20. Let q be (-8)/28 + (-254)/(-7). What is the highest common divisor of q and s?
18
Let x = -2 + 65. Let y be (-2)/6 + 5691/x. Calculate the highest common divisor of 18 and y.
18
Let o = -31 - -3. Let k = 40 + o. Let h be 1/(k/(-8))*-3. What is the highest common factor of 2 and h?
2
Let w = -39 + 39. Let t = -8 + 12. Suppose -t*b + w*b = -260. What is the highest common divisor of 13 and b?
13
Suppose -w + 40 = -5*f, 4*w + 13*f - 14*f = 84. What is the greatest common divisor of 1070 and w?
10
Let a(j) = 1 - 59*j**3 + 171*j**3 - 5*j + 3*j. Let q be a(1). Suppose -33 = 3*k - q. Calculate the greatest common factor of k and 13.
13
Let l be 79 + (2 - 2 - 2). Let o be 7*2/28 + -129*6/(-36). What is the greatest common factor of o and l?
11
Let n(w) = w**2 - 11*w + 14. Let f be n(6). Let a = f - -136. Suppose y = 4*q + 6*y - 217, -4*q + 187 = -y. Calculate the highest common divisor of q and a.
24
Let j be 6 + 36 - 12/6. What is the highest common divisor of 20 and j?
20
Let g = -6 + 106. Let a(y) = -y - 3. Let u be a(-6). Suppose -u*m + 7 = -53. Calculate the highest common factor of g and m.
20
Let k(l) = l**3 - 22*l**2 + 23*l - 24. Let z be k(21). Suppose 4*j + 0*j = 288. Calculate the greatest common divisor of j and z.
18
Suppose 15*j - 17 = 43. Suppose -5*r + 4*l + 47 = 0, 5*r = j*l + l + 50. What is the highest common factor of 105 and r?
7
Suppose -q - y - 14 = 4*y, -2*q - y - 1 = 0. Calculate the greatest common divisor of 4 and q.
1
Let h = -39 + 10. Let g = 32 + h. Suppose -4*z + g*j + 30 = 0, -z + j = 3*j - 13. Calculate the highest common factor of z and 18.
9
Let k = 46 + -28. Let i be (-2166)/(-30) + (-2)/10. Calculate the greatest common factor of k and i.
18
Suppose -4*k = -2*l + 38, 5*l + 0*k = 2*k + 111. Let j = -31 + l. Let t be (-1542)/(-10) - j/(-40). Calculate the highest common divisor of t and 14.
14
Let o be (2 + -1)*(33 - -27). Calculate the highest common divisor of 540 and o.
60
Let v(b) = b**2 - 7*b + 9. Let h be v(6). Let f(j) = -j**2 - 3*j + 5. Let x be f(-4). What is the highest common factor of h and x?
1
Let c(l) = -l**2 - 4*l + 2. Let r be c(-3). Suppose g = -2*z + 78, r*g - z = 4*g + 69. Calculate the highest common factor of 6 and g.
6
Let x be (-3)/(164/44 + -4). Let r be (86262/54)/x - (-2)/(-9). What is the highest common divisor of r and 58?
29
Let a = 19 - -46. Let l be 2/(-5) + 15041/a. Calculate the greatest common factor of l and 21.
21
Let t(b) = -b**2 + 3*b + 10. Let c be t(6). Let w be ((-2)/(c/(-6)))/(9/(-24)). What is the highest common factor of w and 10?
2
Let m(d) = -16*d - 38. Let j be m(-11). What is the greatest common divisor of 322 and j?
46
Let p = -130 + 112. Let g be (-25 - 3)/(12/p). Let l(m) = -m**3 + 9*m**2 - 7*m - 2. Let z be l(5). Calculate the highest common factor of g and z.
21
Let p = -113 - -248. What is the greatest common divisor of 360 and p?
45
Suppose -11*g + 32 = -23. Suppose -3*o - t + 40 = -2*o, -165 = -4*o - g*t. Calculate the greatest common divisor of 7 and o.
7
Suppose 44 = -2*d - 2*d. Let w = -7 - d. Suppose 0 = -w*m + 2*m + 8. What is the highest common factor of m and 2?
2
Suppose 5*a + 5*l = 35, 4 = 3*a - 3*l - 29. Let p = -5 + a. Let f be -5 + (4 - 2) + p. Calculate the greatest common factor of 1 and f.
1
Suppose 3*q + b - 290 = 0, -129 = -5*q - 4*b + 352. What is the highest common factor of q and 2813?
97
Suppose 10*s + 55 = 11*s. Let z(l) = -7 - 3*l**3 + 3*l**2 + 2*l**3 - 13*l**2 - 19*l + 8*l. Let n be z(-9). Calculate the greatest common factor of s and n.
11
Let d be (31 - 2) + -6 + 4. Let f = 705 + -408. Calculate the greatest common divisor of f and d.
27
Suppose 257 - 47 = 10*s. Calculate the greatest common divisor of s and 357.
21
Suppose -2*i + 4*i = -2*f - 16, -2*i + 4*f = -14. Let n be (-5)/i + (-2)/(-6). Let r be (-1480)/(-18) - n/9. What is the greatest common factor of 205 and r?
41
Suppose 3*z - 3*y - 270 = 0, -2*z - 2*y = -249 + 89. Calculate the highest common factor of z and 51.
17
Let i(g) = -3*g**3 - 13*g**2 + 72*g + 52. Let j be i(-8). Let s be ((-8)/6)/(4/(-30)). What is the greatest common factor of j and s?
10
Suppose -7*t + 4*t = -3. Suppose 0 = 2*l - 29 + t. What is the greatest common factor of l and 154?
14
Let h(t) = t**3 + 13*t**2 + 19*t + 9. Let r be h(-5). Calculate the greatest common divisor of 12 and r.
6
Let i be (1/2)/(-1 + (-58)/(-60)). Let l be 3/i + 14/(-5) - -9. What is the highest common divisor of l and 30?
6
Let n = -580 - -1672. What is the highest common divisor of n and 28?
28
Suppose 0 = 12*r - 11*r - 4. Let u be r + (-1 + 47 - 2). Suppose 2*z = 5*l - 56, 4*z - 43 + 11 = -2*l. Calculate the greatest common factor of u and l.
12
Let j = 32 - 26. Suppose 0 = -5*a + 3*k + j, 0 = -a + k - 0*k + 2. Let l be 4/(8/18) - a. What is the greatest common factor of l and 9?
9
Let q(y) = -3*y - 12. Let u be q(-6). Suppose 36 = u*w - 72. Let a = w + -4. Calculate the highest common divisor of a and 14.
14
Let x(z) = -450*z**2 + z. Let h be x(-1). Suppose j + 3*i - 636 = 40, -3*j - i = -2044. Let w = j + h. Calculate the greatest common divisor of 21 and w.
21
Let u be (5 - 1 - 4)*1. Let m be (80 - u) + (-2 - -2). Let b = 42 + -26. Calculate the greatest common divisor of m and b.
16
Let d(r) = -23*r - 1. Let b be d(2). Let f = b + 20. Let n = -15 - f. Calculate the highest common divisor of n and 60.
12
Let p(t) = 2*t + 4. Let j be p(4). Let z be 1860/14 + ((-1056)/(-77))/(-16). Calculate the greatest common factor of z and j.
12
Let v(l) = 7*l + 104. Let s be v(-11). Calculate the highest common factor of s and 3.
3
Let g(y) = -46*y + 140. Let j be g(0). Calculate the greatest common factor of j and 60.
20
Let d(u) = 35*u**2 + 10*u - 10. Let j be d(1). What is the greatest common divisor of j and 63?
7
Let y = -306 + 495. Let v be 25 + -12 + 7 + (-7)/(-1). Calculate the highest common factor of y and v.
27
Suppose 34*s - 31*s - 81 = 0. Suppose -k = -3*f + 2*k + s, k + 3 = 0. Calculate the greatest common factor of 6 and f.
6
Let g = 699 - 609. Suppose -5*j + 5*u + 55 = 0, j - 5*u - 7 = -8*u. What is the highest common divisor of j and g?
10
Let z = 2 - 0. Let v(l) = 2*l + 15. Let p be v(-10). Let u be (-1 - p)*2/((-8)/(-18)). Calculate the greatest common divisor of u and z.
2
Let m(y) = 3*y**3 - 6*y*